is the thousands digit of 22258034?
8
What is the ten millions digit of 38970863?
3
What is the millions digit of 2971620?
2
What is the ten thousands digit of 234626947?
2
What is the ten thousands digit of 429860735?
6
What is the ten thousands digit of 44212770?
1
What is the thousands digit of 1873666156?
6
What is the tens digit of 31235963?
6
What is the units digit of 40918727?
7
What is the tens digit of 29324438?
3
What is the ten thousands digit of 1536825683?
2
What is the millions digit of 55106918?
5
What is the hundreds digit of 5759437369?
3
What is the hundred millions digit of 2850998238?
8
What is the thousands digit of 56031971?
1
What is the thousands digit of 50690250?
0
What is the hundred thousands digit of 327512075?
5
What is the millions digit of 54979892?
4
What is the tens digit of 420112098?
9
What is the units digit of 469957193?
3
What is the ten millions digit of 85385471?
8
What is the millions digit of 6176958397?
6
What is the hundreds digit of 21952006?
0
What is the hundred thousands digit of 50632986?
6
What is the tens digit of 4837292647?
4
What is the hundred millions digit of 171886021?
1
What is the hundreds digit of 720214528?
5
What is the units digit of 67759313?
3
What is the tens digit of 4319974?
7
What is the ten thousands digit of 279963004?
6
What is the hundreds digit of 33265607?
6
What is the thousands digit of 451829334?
9
What is the millions digit of 71867670?
1
What is the thousands digit of 63901469?
1
What is the hundreds digit of 2113536181?
1
What is the thousands digit of 4848?
4
What is the units digit of 271275100?
0
What is the tens digit of 24029074?
7
What is the thousands digit of 456014910?
4
What is the millions digit of 2425557089?
5
What is the hundred thousands digit of 307064467?
0
What is the tens digit of 1058705016?
1
What is the billions digit of 1663860258?
1
What is the millions digit of 4432811198?
2
What is the hundreds digit of 21805464?
4
What is the hundred millions digit of 430934522?
4
What is the billions digit of 3169873056?
3
What is the millions digit of 28642228?
8
What is the ten millions digit of 1530185337?
3
What is the ten millions digit of 42145240?
4
What is the thousands digit of 164689629?
9
What is the millions digit of 47349303?
7
What is the millions digit of 8018205?
8
What is the units digit of 253778865?
5
What is the ten millions digit of 364140871?
6
What is the ten thousands digit of 277296804?
9
What is the ten thousands digit of 902126406?
2
What is the hundreds digit of 86717909?
9
What is the millions digit of 129680610?
9
What is the tens digit of 59452048?
4
What is the hundred thousands digit of 50701717?
7
What is the thousands digit of 176445309?
5
What is the ten millions digit of 813776220?
1
What is the hundreds digit of 40659133?
1
What is the hundred millions digit of 862308936?
8
What is the hundred thousands digit of 237344758?
3
What is the hundreds digit of 167416?
4
What is the units digit of 1235445?
5
What is the ten millions digit of 6773647870?
7
What is the hundreds digit of 742502859?
8
What is the ten millions digit of 940939844?
4
What is the thousands digit of 229360559?
0
What is the thousands digit of 1949997308?
7
What is the ten millions digit of 1178470992?
7
What is the ten thousands digit of 507996415?
9
What is the ten thousands digit of 58976779?
7
What is the hundreds digit of 3589085330?
3
What is the thousands digit of 110269331?
9
What is the ten thousands digit of 265111140?
1
What is the thousands digit of 169091349?
1
What is the units digit of 102153828?
8
What is the hundreds digit of 4671917896?
8
What is the hundreds digit of 781228277?
2
What is the ten thousands digit of 1245275923?
7
What is the ten millions digit of 175169146?
7
What is the ten thousands digit of 145265890?
6
What is the units digit of 1532895039?
9
What is the ten thousands digit of 76946061?
4
What is the tens digit of 118739764?
6
What is the units digit of 22154170?
0
What is the hundred thousands digit of 34226477?
2
What is the thousands digit of 205193682?
3
What is the units digit of 138951385?
5
What is the tens digit of 3689290490?
9
What is the tens digit of 1965230921?
2
What is the hundred thousands digit of 3447247127?
2
What is the tens digit of 801018237?
3
What is the hundreds digit of 44165875?
8
What is the hundred thousands digit of 393027563?
0
What is the tens digit of 2498014347?
4
What is the units digit of 118105414?
4
What is the millions digit of 2617824128?
7
What is the hundred thousands digit of 1649098528?
0
What is the hundreds digit of 628769552?
5
What is the hundred millions digit of 1507683946?
5
What is the thousands digit of 111468214?
8
What is the tens digit of 28302625?
2
What is the ten thousands digit of 2327032823?
3
What is the thousands digit of 84818158?
8
What is the ten millions digit of 52144320?
5
What is the ten thousands digit of 103822754?
2
What is the millions digit of 239450066?
9
What is the hundreds digit of 2431114604?
6
What is the ten millions digit of 556728054?
5
What is the hundred thousands digit of 769173817?
1
What is the hundreds digit of 5733307273?
2
What is the hundred thousands digit of 426954?
4
What is the hundred thousands digit of 4080184750?
1
What is the units digit of 4933990069?
9
What is the ten thousands digit of 61802101?
0
What is the ten thousands digit of 4310643695?
4
What is the millions digit of 175047996?
5
What is the millions digit of 14420211?
4
What is the hundred millions digit of 489821185?
4
What is the units digit of 28693734?
4
What is the ten thousands digit of 343700833?
0
What is the hundred thousands digit of 5999042345?
0
What is the ten thousands digit of 87159010?
5
What is the ten thousands digit of 2467837216?
3
What is the hundred thousands digit of 109768149?
7
What is the ten thousands digit of 57157?
5
What is the thousands digit of 48141820?
1
What is the ten thousands digit of 746960388?
6
What is the hundred thousands digit of 4318906937?
9
What is the hundred thousands digit of 220578786?
5
What is the thousands digit of 578449816?
9
What is the hundred millions digit of 163200654?
1
What is the hundred millions digit of 208852408?
2
What is the hundreds digit of 45647918?
9
What is the hundred millions digit of 184614955?
1
What is the units digit of 7242911080?
0
What is the thousands digit of 110406961?
6
What is the tens digit of 36675664?
6
What is the hundred thousands digit of 1491351639?
3
What is the hundreds digit of 1048518513?
5
What is the hundreds digit of 94118953?
9
What is the hundred thousands digit of 1238037843?
0
What is the ten millions digit of 2781457203?
8
What is the tens digit of 12660655?
5
What is the millions digit of 36241760?
6
What is the units digit of 180946598?
8
What is the hundreds digit of 422171910?
9
What is the units digit of 2366077709?
9
What is the tens digit of 515025029?
2
What is the tens digit of 2117486659?
5
What is the billions digit of 1352561896?
1
What is the billions digit of 1601873527?
1
What is the units digit of 149246180?
0
What is the millions digit of 62542860?
2
What is the hundred thousands digit of 221691536?
6
What is the thousands digit of 1518690858?
0
What is the units digit of 77910087?
7
What is the thousands digit of 4040494437?
4
What is the units digit of 1019374762?
2
What is the units digit of 601884235?
5
What is the thousands digit of 66085148?
5
What is the thousands digit of 10169281?
9
What is the ten thousands digit of 2680461843?
6
What is the tens digit of 3072062411?
1
What is the hundred thousands digit of 316995081?
9
What is the hundred millions digit of 286134645?
2
What is the millions digit of 800970342?
0
What is the tens digit of 3719479928?
2
What is the hundreds digit of 1260729206?
2
What is the ten thousands digit of 57043133?
4
What is the units digit of 7671427609?
9
What is the hundreds digit of 196863100?
1
What is the hundreds digit of 2295343304?
3
What is the hundred thousands digit of 87382810?
3
What is the hundred thousands digit of 16274403?
2
What is the ten thousands digit of 629368574?
6
What is the ten thousands digit of 1822300319?
0
What is the millions digit of 483906389?
3
What is 